48871695?
5, 349774339
What are the prime factors of 3082834?
2, 449, 3433
List the prime factors of 3401489944.
2, 425186243
What are the prime factors of 1104844899?
3, 2473, 148921
What are the prime factors of 481879596?
2, 3, 11, 19, 17467
What are the prime factors of 401563947?
3, 9199, 14551
List the prime factors of 271625355.
3, 5, 6036119
List the prime factors of 4885607917.
17, 619, 464279
What are the prime factors of 1620652402?
2, 47, 2969, 5807
List the prime factors of 1602787365.
3, 5, 2053, 5783
What are the prime factors of 1638682616?
2, 251, 816077
List the prime factors of 12289389.
3, 7, 761, 769
List the prime factors of 254113697.
254113697
What are the prime factors of 168394807?
7, 37, 269, 2417
List the prime factors of 62634493.
977, 64109
List the prime factors of 13906098.
2, 3, 821, 941
What are the prime factors of 39081667?
39081667
What are the prime factors of 1531141004?
2, 23, 16642837
What are the prime factors of 764376264?
2, 3, 439, 2687
List the prime factors of 4390777707.
3, 1463592569
What are the prime factors of 3852137?
73, 52769
What are the prime factors of 22923420?
2, 3, 5, 13, 29389
What are the prime factors of 449459821?
17, 131, 201823
List the prime factors of 49999631.
11, 23, 229, 863
List the prime factors of 860351380.
2, 5, 7, 37, 41, 4051
What are the prime factors of 1790308095?
3, 5, 59, 151, 13397
What are the prime factors of 162249263?
11, 1340903
List the prime factors of 295556550.
2, 3, 5, 773, 2549
What are the prime factors of 38166303?
3, 7, 47, 38669
List the prime factors of 128834263.
3391, 37993
List the prime factors of 49223989.
49223989
List the prime factors of 50990025.
3, 5, 679867
List the prime factors of 8045320.
2, 5, 139, 1447
What are the prime factors of 242182817?
242182817
List the prime factors of 53419026.
2, 3, 2503, 3557
List the prime factors of 71692934.
2, 61, 199, 2953
List the prime factors of 464512093.
89, 173, 30169
What are the prime factors of 80258689?
7, 29, 41, 9643
List the prime factors of 47918116.
2, 127, 94327
List the prime factors of 6112579160.
2, 5, 17, 97, 92671
What are the prime factors of 76444072?
2, 37, 101, 2557
What are the prime factors of 8844689745?
3, 5, 71, 2768291
What are the prime factors of 85059376?
2, 61, 87151
List the prime factors of 50093949.
3, 149, 112067
List the prime factors of 130228952.
2, 7, 2325517
List the prime factors of 223925655.
3, 5, 14928377
List the prime factors of 139698128.
2, 1181, 7393
List the prime factors of 71581624.
2, 8947703
What are the prime factors of 612136803?
3, 53, 409, 9413
List the prime factors of 160330117.
443, 361919
What are the prime factors of 209601131?
149, 227, 6197
List the prime factors of 949540195.
5, 189908039
List the prime factors of 3404724797.
139, 24494423
What are the prime factors of 216876392?
2, 27109549
What are the prime factors of 1101041035?
5, 47, 241, 19441
List the prime factors of 1891440099.
3, 70053337
What are the prime factors of 4703854461?
3, 67, 23402261
List the prime factors of 48987308.
2, 113, 108379
List the prime factors of 4599442381.
44797, 102673
List the prime factors of 74005888.
2, 11, 52561
List the prime factors of 11043750.
2, 3, 5, 19, 31
What are the prime factors of 28679783?
11, 421, 563
What are the prime factors of 252960521?
11, 1097, 20963
What are the prime factors of 16087982?
2, 29, 103, 2693
List the prime factors of 412642167.
3, 7, 37, 531071
List the prime factors of 123498278.
2, 1061, 58199
What are the prime factors of 351294247?
109, 3222883
What are the prime factors of 516322584?
2, 3, 23, 167, 1867
List the prime factors of 311251651.
311251651
List the prime factors of 4030348576.
2, 17, 223, 33223
List the prime factors of 3530054363.
11, 29174003
List the prime factors of 25823649.
3, 8607883
List the prime factors of 128655875.
5, 1029247
List the prime factors of 1893045692.
2, 7027, 67349
List the prime factors of 276816666.
2, 3, 7, 41, 160753
List the prime factors of 617086989.
3, 83, 826087
List the prime factors of 715791315.
3, 5, 1171, 40751
List the prime factors of 761000378.
2, 239, 1592051
List the prime factors of 600136375.
5, 19, 71, 3559
What are the prime factors of 795225151?
7, 131, 867203
List the prime factors of 103844372.
2, 67, 233, 1663
List the prime factors of 1478386805.
5, 7, 42239623
List the prime factors of 219608409.
3, 337, 217219
What are the prime factors of 2604885199?
7, 19, 149, 131447
List the prime factors of 1042303.
643, 1621
List the prime factors of 2073272240.
2, 5, 13, 1993531
What are the prime factors of 176500925?
5, 7060037
What are the prime factors of 72551676?
2, 3, 149, 40577
What are the prime factors of 4920147648?
2, 3, 13, 657071
What are the prime factors of 216920555?
5, 607, 71473
List the prime factors of 380743681.
380743681
What are the prime factors of 22244980?
2, 5, 31, 35879
List the prime factors of 21304061.
21304061
List the prime factors of 414679159.
61, 6798019
List the prime factors of 4728423973.
7, 13, 23, 2259161
List the prime factors of 6267185454.
2, 3, 19, 181, 303731
What are the prime factors of 32732779?
3361, 9739
List the prime factors of 4097165799.
3, 1365721933
What are the prime factors of 2066900219?
67, 30849257
What are the prime factors of 531118232?
2, 66389779
List the prime factors of 47051819.
3943, 11933
List the prime factors of 29324475.
3, 5, 47, 59
What are the prime factors of 484073145?
3, 5, 43, 83389
List the prime factors of 26354851.
1213, 21727
What are the prime factors of 3615865869?
3, 7, 11, 113, 257
List the prime factors of 65711291.
19, 3458489
List the prime factors of 956446014.
2, 3, 159407669
What are the prime factors of 569398702?
2, 29, 47, 208877
List the prime factors of 1989718640.
2, 5, 7, 13, 273313
What are the prime factors of 17153223?
3, 5717741
List the prime factors of 231467846.
2, 1907, 60689
What are the prime factors of 1547797753?
67, 23101459
List the prime factors of 29901866.
2, 14950933
What are the prime factors of 3388264235?
5, 677652847
What are the prime factors of 192255469?
7, 61, 131, 491
List the prime factors of 39538852.
2, 9884713
What are the prime factors of 188133187?
11, 17103017
List the prime factors of 4593391677.
3, 7, 37, 1970567
List the prime factors of 7140875.
5, 7, 8161
What are the prime factors of 44235199?
44235199
List the prime factors of 133468774.
2, 2221, 30047
List the prime factors of 438569629.
438569629
What are the prime factors of 10565292?
2, 3, 19, 149, 311
What are the prime factors of 5277231621?
3, 109, 1793147
What are the prime factors of 1101813?
3, 79, 4649
List the prime factors of 800159508.
2, 3, 83, 267791
List the prime factors of 5207665727.
11, 23, 31, 21419
What are the prime factors of 15857494?
2, 53, 211, 709
What are the prime factors of 1148466338?
2, 47, 1901, 6427
List the prime factors of 49705296.
2, 3, 1035527
List the prime factors of 27006527.
27006527
What are the prime factors of 33102704?
2, 23, 3911
List the prime factors of 64861082.
2, 11, 13, 53, 389
What are the prime factors of 556104177?
3, 20596451
List the prime factors of 490728208.
2, 829, 36997
What are the prime factors of 162163394?
2, 81081697
List the prime factors of 5014093805.
5, 7, 20465689
What are the prime factors of 90291310?
2, 5, 9029131
List the prime factors of 1014421876.
2, 13, 19508113
What are the prime factors of 27501421?
27501421
What are the prime factors of 57485386?
2, 7, 223, 18413
List the prime factors of 11898337.
11, 23, 131, 359
What are the prime factors of 2077748227?
5009, 414803
What are the prime factors of 1238232252?
2, 3, 103186021
List the prime factors of 102113610.
2, 3, 5, 47, 72421
What are the prime factors of 215130116?
2, 41, 1311769
What are the prime factors of 263627209?
263627209
List the prime factors of 87714343.
1093, 80251
List the prime factors of 1160449457.
1160449457
List the prime factors of 1169357256.
2, 3, 29, 186679
List the prime factors of 197074033.
13, 15159541
What are the prime factors of 147380929?
19, 29, 267479
What are the prime factors of 880468065?
3, 5, 53, 369169
What are the prime factors of 1408794833?
1408794833
List the p